{"id":7,"date":"2017-08-10T12:06:32","date_gmt":"2017-08-10T12:06:32","guid":{"rendered":"https:\/\/2017.riga.wordcamp.org\/schedule\/"},"modified":"2017-11-27T23:24:25","modified_gmt":"2017-11-27T21:24:25","slug":"schedule","status":"publish","type":"page","link":"https:\/\/riga.wordcamp.org\/2017\/schedule\/","title":{"rendered":"Schedule"},"content":{"rendered":"<p>Find more info about our speakers and their topics here: <a href=\"https:\/\/2017.riga.wordcamp.org\/speakers\/\">Speakers<\/a>.<\/p>\n<h1>Saturday, November 25th<\/h1>\n<table class=\"wcpt-schedule\" border=\"0\"><thead><tr><th class=\"wcpt-col-time\">Time<\/th><th class=\"wcpt-col-track\"> <span class=\"wcpt-track-name\">Business and Inspirational<\/span> <span class=\"wcpt-track-description\"><\/span> <\/th><th class=\"wcpt-col-track\"> <span class=\"wcpt-track-name\">Development<\/span> <span class=\"wcpt-track-description\"><\/span> <\/th><\/tr><\/thead><tbody><tr class=\"wcpt-time-0800 global-session registration\"><td class=\"wcpt-time\">08:00<\/td><td colspan=\"2\" class=\"wcb-track-business-and-inspirational wcb-track-development wcpt-session-type-custom wcb-session-registration\" data-track-title=\"Business and Inspirational, Development\" data-session-id=\"659\"><div class=\"wcb-session-cell-content\"><span class=\"wcpt-session-title\">Registration<\/span><\/div><\/td><\/tr><tr class=\"wcpt-time-0900 global-session opening-remarks\"><td class=\"wcpt-time\">09:00<\/td><td colspan=\"2\" class=\"wcb-track-business-and-inspirational wcb-track-development wcpt-session-type-custom wcb-session-opening-remarks\" data-track-title=\"Business and Inspirational, Development\" data-session-id=\"662\"><div class=\"wcb-session-cell-content\"><span class=\"wcpt-session-title\">Opening Remarks<\/span><\/div><\/td><\/tr><tr class=\"wcpt-time-0930 global-session how-to-build-a-sustainable-plugin-or-theme-business-in-the-subscription-economy\"><td class=\"wcpt-time\">09:30<\/td><td colspan=\"2\" class=\"wcb-speaker-vova-feldman wcb-track-business-and-inspirational wcb-track-development wcpt-session-type-session wcb-session-how-to-build-a-sustainable-plugin-or-theme-business-in-the-subscription-economy\" data-track-title=\"Business and Inspirational, Development\" data-session-id=\"676\"><div class=\"wcb-session-cell-content\"><a class=\"wcpt-session-title\" href=\"https:\/\/riga.wordcamp.org\/2017\/session\/how-to-build-a-sustainable-plugin-or-theme-business-in-the-subscription-economy\/\">How to Build a Sustainable Plugin or Theme Business in The Subscription Economy<\/a> <span class=\"wcpt-session-speakers\"><a href=\"https:\/\/riga.wordcamp.org\/2017\/speakers\/#wcorg-speaker-vova-feldman\">Vova Feldman<\/a><\/span><\/div><div class=\"wcb-session-favourite-icon\"><a href=\"#\" role=\"button\" class=\"fav-session-button\" aria-pressed=\"false\"><span class=\"screen-reader-text\">Favorite session: How to Build a Sustainable Plugin or Theme Business in The Subscription Economy<\/span><span class=\"dashicons dashicons-star-filled\"><\/span><\/a><\/div><\/td><\/tr><tr class=\"wcpt-time-1030\"><td class=\"wcpt-time\">10:30<\/td><td colspan=\"1\" class=\"wcb-speaker-toms-varpins wcb-track-business-and-inspirational wcpt-session-type-session wcb-session-the-benefits-of-messaging\" data-track-title=\"Business and Inspirational\" data-session-id=\"991\"><div class=\"wcb-session-cell-content\"><a class=\"wcpt-session-title\" href=\"https:\/\/riga.wordcamp.org\/2017\/session\/the-benefits-of-messaging\/\">The Benefits of Messaging<\/a> <span class=\"wcpt-session-speakers\"><a href=\"https:\/\/riga.wordcamp.org\/2017\/speakers\/#wcorg-speaker-toms-varpins\">Toms V\u0101rpi\u0146\u0161<\/a><\/span><\/div><div class=\"wcb-session-favourite-icon\"><a href=\"#\" role=\"button\" class=\"fav-session-button\" aria-pressed=\"false\"><span class=\"screen-reader-text\">Favorite session: The Benefits of Messaging<\/span><span class=\"dashicons dashicons-star-filled\"><\/span><\/a><\/div><\/td><td colspan=\"1\" class=\"wcb-speaker-arunas-liuiza wcb-track-development wcpt-session-type-session wcb-session-wordpress-child-themes\" data-track-title=\"Development\" data-session-id=\"426\"><div class=\"wcb-session-cell-content\"><a class=\"wcpt-session-title\" href=\"https:\/\/riga.wordcamp.org\/2017\/session\/wordpress-child-themes\/\">WordPress child themes<\/a> <span class=\"wcpt-session-speakers\"><a href=\"https:\/\/riga.wordcamp.org\/2017\/speakers\/#wcorg-speaker-arunas-liuiza\">Arunas Liuiza<\/a><\/span><\/div><div class=\"wcb-session-favourite-icon\"><a href=\"#\" role=\"button\" class=\"fav-session-button\" aria-pressed=\"false\"><span class=\"screen-reader-text\">Favorite session: WordPress child themes<\/span><span class=\"dashicons dashicons-star-filled\"><\/span><\/a><\/div><\/td><\/tr><tr class=\"wcpt-time-1100\"><td class=\"wcpt-time\">11:00<\/td><td colspan=\"1\" class=\"wcb-speaker-carlo-becchi wcb-track-business-and-inspirational wcpt-session-type-session wcb-session-the-corporate-wordpress-experience\" data-track-title=\"Business and Inspirational\" data-session-id=\"763\"><div class=\"wcb-session-cell-content\"><a class=\"wcpt-session-title\" href=\"https:\/\/riga.wordcamp.org\/2017\/session\/the-corporate-wordpress-experience\/\">The Corporate WordPress Experience<\/a> <span class=\"wcpt-session-speakers\"><a href=\"https:\/\/riga.wordcamp.org\/2017\/speakers\/#wcorg-speaker-carlo-becchi\">Carlo Becchi<\/a><\/span><\/div><div class=\"wcb-session-favourite-icon\"><a href=\"#\" role=\"button\" class=\"fav-session-button\" aria-pressed=\"false\"><span class=\"screen-reader-text\">Favorite session: The Corporate WordPress Experience<\/span><span class=\"dashicons dashicons-star-filled\"><\/span><\/a><\/div><\/td><td colspan=\"1\" class=\"wcb-speaker-peteris-jurcenko wcb-track-development wcpt-session-type-session wcb-session-responsive-charts-in-wordpress\" data-track-title=\"Development\" data-session-id=\"1003\"><div class=\"wcb-session-cell-content\"><a class=\"wcpt-session-title\" href=\"https:\/\/riga.wordcamp.org\/2017\/session\/responsive-charts-in-wordpress\/\">Responsive charts in WordPress<\/a> <span class=\"wcpt-session-speakers\"><a href=\"https:\/\/riga.wordcamp.org\/2017\/speakers\/#wcorg-speaker-peteris-jurcenko\">P\u0113teris Jur\u010denko<\/a><\/span><\/div><div class=\"wcb-session-favourite-icon\"><a href=\"#\" role=\"button\" class=\"fav-session-button\" aria-pressed=\"false\"><span class=\"screen-reader-text\">Favorite session: Responsive charts in WordPress<\/span><span class=\"dashicons dashicons-star-filled\"><\/span><\/a><\/div><\/td><\/tr><tr class=\"wcpt-time-1130\"><td class=\"wcpt-time\">11:30<\/td><td colspan=\"1\" class=\"wcb-speaker-zane-enina wcb-track-business-and-inspirational wcpt-session-type-session wcb-session-lets-blog-or-maybe-not\" data-track-title=\"Business and Inspirational\" data-session-id=\"562\"><div class=\"wcb-session-cell-content\"><a class=\"wcpt-session-title\" href=\"https:\/\/riga.wordcamp.org\/2017\/session\/lets-blog-or-maybe-not\/\">Let&#8217;s blog! (Or maybe not)<\/a> <span class=\"wcpt-session-speakers\"><a href=\"https:\/\/riga.wordcamp.org\/2017\/speakers\/#wcorg-speaker-zane-enina\">Zane Eni\u0146a<\/a><\/span><\/div><div class=\"wcb-session-favourite-icon\"><a href=\"#\" role=\"button\" class=\"fav-session-button\" aria-pressed=\"false\"><span class=\"screen-reader-text\">Favorite session: Let&#8217;s blog! (Or maybe not)<\/span><span class=\"dashicons dashicons-star-filled\"><\/span><\/a><\/div><\/td><td colspan=\"1\" class=\"wcb-speaker-kaspars-dambis wcb-track-development wcpt-session-type-session wcb-session-how-to-write-better-code-automatically\" data-track-title=\"Development\" data-session-id=\"680\"><div class=\"wcb-session-cell-content\"><a class=\"wcpt-session-title\" href=\"https:\/\/riga.wordcamp.org\/2017\/session\/how-to-write-better-code-automatically\/\">How to Write Better Code Automatically<\/a> <span class=\"wcpt-session-speakers\"><a href=\"https:\/\/riga.wordcamp.org\/2017\/speakers\/#wcorg-speaker-kaspars-dambis\">Kaspars Dambis<\/a><\/span><\/div><div class=\"wcb-session-favourite-icon\"><a href=\"#\" role=\"button\" class=\"fav-session-button\" aria-pressed=\"false\"><span class=\"screen-reader-text\">Favorite session: How to Write Better Code Automatically<\/span><span class=\"dashicons dashicons-star-filled\"><\/span><\/a><\/div><\/td><\/tr><tr class=\"wcpt-time-1200\"><td class=\"wcpt-time\">12:00<\/td><td colspan=\"1\" class=\"wcb-speaker-jevgenijs-jeff-tihonovs wcb-track-business-and-inspirational wcpt-session-type-session wcb-session-communication-across-generations\" data-track-title=\"Business and Inspirational\" data-session-id=\"1022\"><div class=\"wcb-session-cell-content\"><a class=\"wcpt-session-title\" href=\"https:\/\/riga.wordcamp.org\/2017\/session\/communication-across-generations\/\">Communication across generations<\/a> <span class=\"wcpt-session-speakers\"><a href=\"https:\/\/riga.wordcamp.org\/2017\/speakers\/#wcorg-speaker-jevgenijs-jeff-tihonovs\">Jevgenijs (Jeff) Tihonovs<\/a><\/span><\/div><div class=\"wcb-session-favourite-icon\"><a href=\"#\" role=\"button\" class=\"fav-session-button\" aria-pressed=\"false\"><span class=\"screen-reader-text\">Favorite session: Communication across generations<\/span><span class=\"dashicons dashicons-star-filled\"><\/span><\/a><\/div><\/td><td colspan=\"1\" class=\"wcb-speaker-justina-baskyte wcb-track-development wcpt-session-type-session wcb-session-beginners-guide-to-woocommerce\" data-track-title=\"Development\" data-session-id=\"437\"><div class=\"wcb-session-cell-content\"><a class=\"wcpt-session-title\" href=\"https:\/\/riga.wordcamp.org\/2017\/session\/beginners-guide-to-woocommerce\/\">Beginners guide to WooCommerce<\/a> <span class=\"wcpt-session-speakers\"><a href=\"https:\/\/riga.wordcamp.org\/2017\/speakers\/#wcorg-speaker-justina-baskyte\">Justina Baskyte<\/a><\/span><\/div><div class=\"wcb-session-favourite-icon\"><a href=\"#\" role=\"button\" class=\"fav-session-button\" aria-pressed=\"false\"><span class=\"screen-reader-text\">Favorite session: Beginners guide to WooCommerce<\/span><span class=\"dashicons dashicons-star-filled\"><\/span><\/a><\/div><\/td><\/tr><tr class=\"wcpt-time-1230 global-session lunch\"><td class=\"wcpt-time\">12:30<\/td><td colspan=\"2\" class=\"wcb-track-business-and-inspirational wcb-track-development wcpt-session-type-custom wcb-session-lunch\" data-track-title=\"Business and Inspirational, Development\" data-session-id=\"667\"><div class=\"wcb-session-cell-content\"><span class=\"wcpt-session-title\">Lunch<\/span><\/div><\/td><\/tr><tr class=\"wcpt-time-1330\"><td class=\"wcpt-time\">13:30<\/td><td colspan=\"1\" class=\"wcb-speaker-frank-leusing wcb-track-business-and-inspirational wcpt-session-type-session wcb-session-what-you-need-to-know-to-sell-web-design-to-the-german-market\" data-track-title=\"Business and Inspirational\" data-session-id=\"686\"><div class=\"wcb-session-cell-content\"><a class=\"wcpt-session-title\" href=\"https:\/\/riga.wordcamp.org\/2017\/session\/what-you-need-to-know-to-sell-web-design-to-the-german-market\/\">What you need to know to sell web design to the German market<\/a> <span class=\"wcpt-session-speakers\"><a href=\"https:\/\/riga.wordcamp.org\/2017\/speakers\/#wcorg-speaker-frank-leusing\">Frank Leusing<\/a><\/span><\/div><div class=\"wcb-session-favourite-icon\"><a href=\"#\" role=\"button\" class=\"fav-session-button\" aria-pressed=\"false\"><span class=\"screen-reader-text\">Favorite session: What you need to know to sell web design to the German market<\/span><span class=\"dashicons dashicons-star-filled\"><\/span><\/a><\/div><\/td><td colspan=\"1\" class=\"wcb-speaker-karlis-ievins wcb-track-development wcpt-session-type-session wcb-session-building-a-print-on-demand-store-with-wordpress-woocommerce\" data-track-title=\"Development\" data-session-id=\"684\"><div class=\"wcb-session-cell-content\"><a class=\"wcpt-session-title\" href=\"https:\/\/riga.wordcamp.org\/2017\/session\/building-a-print-on-demand-store-with-wordpress-woocommerce\/\">Building a print-on-demand store with WordPress &amp; WooCommerce<\/a> <span class=\"wcpt-session-speakers\"><a href=\"https:\/\/riga.wordcamp.org\/2017\/speakers\/#wcorg-speaker-karlis-ievins\">Karlis Ievins<\/a><\/span><\/div><div class=\"wcb-session-favourite-icon\"><a href=\"#\" role=\"button\" class=\"fav-session-button\" aria-pressed=\"false\"><span class=\"screen-reader-text\">Favorite session: Building a print-on-demand store with WordPress &amp; WooCommerce<\/span><span class=\"dashicons dashicons-star-filled\"><\/span><\/a><\/div><\/td><\/tr><tr class=\"wcpt-time-1400\"><td class=\"wcpt-time\">14:00<\/td><td class=\"wcpt-session-empty\"><\/td><td colspan=\"1\" class=\"wcb-speaker-bjorn-johansen wcb-track-development wcpt-session-type-session wcb-session-create-and-maintain-a-secure-wp-environment\" data-track-title=\"Development\" data-session-id=\"838\"><div class=\"wcb-session-cell-content\"><a class=\"wcpt-session-title\" href=\"https:\/\/riga.wordcamp.org\/2017\/session\/create-and-maintain-a-secure-wp-environment\/\">Create and Maintain a Secure WP Environment<\/a> <span class=\"wcpt-session-speakers\"><a href=\"https:\/\/riga.wordcamp.org\/2017\/speakers\/#wcorg-speaker-bjorn-johansen\">Bj\u00f8rn Johansen<\/a><\/span><\/div><div class=\"wcb-session-favourite-icon\"><a href=\"#\" role=\"button\" class=\"fav-session-button\" aria-pressed=\"false\"><span class=\"screen-reader-text\">Favorite session: Create and Maintain a Secure WP Environment<\/span><span class=\"dashicons dashicons-star-filled\"><\/span><\/a><\/div><\/td><\/tr><tr class=\"wcpt-time-1430 global-session what-you-might-not-know-about-promoting-monetizing-your-site\"><td class=\"wcpt-time\">14:30<\/td><td colspan=\"2\" class=\"wcb-speaker-michael-kondurov wcb-track-business-and-inspirational wcb-track-development wcpt-session-type-session wcb-session-what-you-might-not-know-about-promoting-monetizing-your-site\" data-track-title=\"Business and Inspirational, Development\" data-session-id=\"682\"><div class=\"wcb-session-cell-content\"><a class=\"wcpt-session-title\" href=\"https:\/\/riga.wordcamp.org\/2017\/session\/what-you-might-not-know-about-promoting-monetizing-your-site\/\">What You might not know about promoting &amp; monetizing your site<\/a> <span class=\"wcpt-session-speakers\"><a href=\"https:\/\/riga.wordcamp.org\/2017\/speakers\/#wcorg-speaker-michael-kondurov\">Michael Kondurov<\/a><\/span><\/div><div class=\"wcb-session-favourite-icon\"><a href=\"#\" role=\"button\" class=\"fav-session-button\" aria-pressed=\"false\"><span class=\"screen-reader-text\">Favorite session: What You might not know about promoting &amp; monetizing your site<\/span><span class=\"dashicons dashicons-star-filled\"><\/span><\/a><\/div><\/td><\/tr><tr class=\"wcpt-time-1500 global-session coffee-break\"><td class=\"wcpt-time\">15:00<\/td><td colspan=\"2\" class=\"wcb-track-business-and-inspirational wcb-track-development wcpt-session-type-custom wcb-session-coffee-break\" data-track-title=\"Business and Inspirational, Development\" data-session-id=\"848\"><div class=\"wcb-session-cell-content\"><span class=\"wcpt-session-title\">Coffee Break<\/span><\/div><\/td><\/tr><tr class=\"wcpt-time-1540 global-session cracking-the-tribal-code-create-strong-emotional-bonds-among-online-communities\"><td class=\"wcpt-time\">15:40<\/td><td colspan=\"2\" class=\"wcb-speaker-jonathan-howard wcb-track-business-and-inspirational wcb-track-development wcpt-session-type-session wcb-session-cracking-the-tribal-code\" data-track-title=\"Business and Inspirational, Development\" data-session-id=\"813\"><div class=\"wcb-session-cell-content\"><a class=\"wcpt-session-title\" href=\"https:\/\/riga.wordcamp.org\/2017\/session\/cracking-the-tribal-code\/\">Cracking the Tribal Code &#8211; create strong emotional bonds among online communities<\/a> <span class=\"wcpt-session-speakers\"><a href=\"https:\/\/riga.wordcamp.org\/2017\/speakers\/#wcorg-speaker-jonathan-howard\">Jonathan Howard<\/a><\/span><\/div><div class=\"wcb-session-favourite-icon\"><a href=\"#\" role=\"button\" class=\"fav-session-button\" aria-pressed=\"false\"><span class=\"screen-reader-text\">Favorite session: Cracking the Tribal Code &#8211; create strong emotional bonds among online communities<\/span><span class=\"dashicons dashicons-star-filled\"><\/span><\/a><\/div><\/td><\/tr><tr class=\"wcpt-time-1630 global-session closing-remarks\"><td class=\"wcpt-time\">16:30<\/td><td colspan=\"2\" class=\"wcb-track-business-and-inspirational wcb-track-development wcpt-session-type-custom wcb-session-closing-remarks\" data-track-title=\"Business and Inspirational, Development\" data-session-id=\"669\"><div class=\"wcb-session-cell-content\"><span class=\"wcpt-session-title\">Closing Remarks<\/span><\/div><\/td><\/tr><tr class=\"wcpt-time-1900 global-session afterparty\"><td class=\"wcpt-time\">19:00<\/td><td colspan=\"2\" class=\"wcb-track-business-and-inspirational wcb-track-development wcpt-session-type-custom wcb-session-afterparty\" data-track-title=\"Business and Inspirational, Development\" data-session-id=\"671\"><div class=\"wcb-session-cell-content\"><span class=\"wcpt-session-title\">Afterparty<\/span><\/div><\/td><\/tr><\/tbody><\/table>\n\t<div class=\"email-form fav-session-email-form-hide\">\n\t\t<!-- Tab links -->\n\t\t<div class=\"fav-session-share-tab\">\n\t\t\t\t\t\t\t<div class=\"fav-session-tablinks\" id=\"fav-session-btn-email\">\n\t\t\t\t\tEmail\t\t\t\t<\/div>\n\t\t\t\n\t\t\t<div class=\"fav-session-tablinks\" id=\"fav-session-btn-link\">\n\t\t\t\tLink\t\t\t<\/div>\n\n\t\t\t<div class=\"fav-session-tablinks\" id=\"fav-session-btn-print\">\n\t\t\t\tPrint\t\t\t<\/div>\n\t\t<\/div>\n\n\t\t<!-- Tab content -->\n\t\t\t\t\t<div id=\"fav-session-tab-email\" class=\"fav-session-share-tabcontent\">\n\t\t\t\t<div id=\"fav-session-email-form\">\n\t\t\t\t\tSend me my favorite sessions:\n\t\t\t\t\t<form id=\"fav-sessions-form\">\n\t\t\t\t\t\t<input\n\t\t\t\t\t\t\ttype=\"text\"\n\t\t\t\t\t\t\tname=\"email_address\"\n\t\t\t\t\t\t\tid=\"fav-sessions-email-address\"\n\t\t\t\t\t\t\tplaceholder=\"me@protonmail.com\"\n\t\t\t\t\t\t\/>\n\t\t\t\t\t\t<input type=\"submit\" value=\"Send\" \/>\n\t\t\t\t\t<\/form>\n\t\t\t\t<\/div>\n\n\t\t\t\t<div class=\"fav-session-email-wait-spinner\"><\/div>\n\t\t\t\t<div class=\"fav-session-email-result\"><\/div>\n\t\t\t<\/div>\n\t\t\n\t\t<div id=\"fav-session-tab-link\" class=\"fav-session-share-tabcontent\">\n\t\t\tShareable link:\t\t\t<br \/>\n\t\t\t<a id=\"fav-sessions-link\" href=\"\"><\/a>\n\t\t<\/div>\n\n\t\t<div id=\"fav-session-tab-print\" class=\"fav-session-share-tabcontent\">\n\t\t\t<button id=\"fav-session-print\">\n\t\t\t\tPrint favorite sessions\t\t\t<\/button>\n\t\t<\/div>\n\t<\/div>\n\n\t<a class=\"show-email-form\" href=\"javascript:\">\n\t\t<span class=\"dashicons dashicons-star-filled\"><\/span>\n\t\t<span class=\"dashicons dashicons-email-alt\"><\/span>\n\t<\/a>\n\n\t\n<h1>Sunday, November 26th<\/h1>\n<table class=\"wcpt-schedule\" border=\"0\"><thead><tr><th class=\"wcpt-col-time\">Time<\/th><th class=\"wcpt-col-track\"> <span class=\"wcpt-track-name\">contributor-day<\/span> <span class=\"wcpt-track-description\"><\/span> <\/th><\/tr><\/thead><tbody><\/tbody><\/table>\n","protected":false},"excerpt":{"rendered":"<p>Find more info about our speakers and their topics here: Speakers. Saturday, November 25th Sunday, November 26th<\/p>\n","protected":false},"author":14679296,"featured_media":0,"parent":0,"menu_order":0,"comment_status":"closed","ping_status":"closed","template":"","meta":{"_crdt_document":"","jetpack_post_was_ever_published":false,"footnotes":""},"class_list":["post-7","page","type-page","status-publish","hentry"],"jetpack_sharing_enabled":true,"jetpack_shortlink":"https:\/\/wp.me\/P93X6U-7","_links":{"self":[{"href":"https:\/\/riga.wordcamp.org\/2017\/wp-json\/wp\/v2\/pages\/7","targetHints":{"allow":["GET"]}}],"collection":[{"href":"https:\/\/riga.wordcamp.org\/2017\/wp-json\/wp\/v2\/pages"}],"about":[{"href":"https:\/\/riga.wordcamp.org\/2017\/wp-json\/wp\/v2\/types\/page"}],"author":[{"embeddable":true,"href":"https:\/\/riga.wordcamp.org\/2017\/wp-json\/wp\/v2\/users\/14679296"}],"replies":[{"embeddable":true,"href":"https:\/\/riga.wordcamp.org\/2017\/wp-json\/wp\/v2\/comments?post=7"}],"version-history":[{"count":18,"href":"https:\/\/riga.wordcamp.org\/2017\/wp-json\/wp\/v2\/pages\/7\/revisions"}],"predecessor-version":[{"id":1059,"href":"https:\/\/riga.wordcamp.org\/2017\/wp-json\/wp\/v2\/pages\/7\/revisions\/1059"}],"wp:attachment":[{"href":"https:\/\/riga.wordcamp.org\/2017\/wp-json\/wp\/v2\/media?parent=7"}],"curies":[{"name":"wp","href":"https:\/\/api.w.org\/{rel}","templated":true}]}}