{"id":11,"date":"2016-01-19T12:46:28","date_gmt":"2016-01-19T12:46:28","guid":{"rendered":"https:\/\/2016.riga.wordcamp.org\/location\/"},"modified":"2016-08-16T17:45:42","modified_gmt":"2016-08-16T14:45:42","slug":"location","status":"publish","type":"page","link":"https:\/\/riga.wordcamp.org\/2016\/location\/","title":{"rendered":"Location"},"content":{"rendered":"<p style=\"text-align: center\">Place of the event:<\/p>\n<p style=\"text-align: center\"><div class=\"googlemaps\">\n\t\t\t\t<iframe loading=\"lazy\" width=\"600\" height=\"450\" frameborder=\"0\" scrolling=\"no\" marginheight=\"0\" marginwidth=\"0\"  src=\"https:\/\/www.google.com\/maps\/embed?pb=!1m18!1m12!1m3!1d2176.66509103622!2d24.09451671581912!3d56.9374056074737!2m3!1f0!2f0!3f0!3m2!1i1024!2i768!4f13.1!3m3!1m2!1s0x0:0x2a62f2cbabf645a4!2sLatvijas%20Universit\u0101tes%20Dabaszin\u0101t\u0146u%20akad\u0113miskais%20centrs!5e0!3m2!1slv!2slv!4v1470059218319\"><\/iframe>\n\t\t\t<\/div><\/p>\n<p style=\"text-align: justify\"><strong>How to get there?<\/strong><\/p>\n<p style=\"text-align: justify\">Bus nr. 23, bus stop &#8211; LU Akad\u0113miskais centrs. See the schedule and map <a href=\"http:\/\/saraksti.rigassatiksme.lv\/index.html#bus\/23\/a-b\/7749b\/en\">here\u00a0<\/a><br \/>\nBus nr. 10., bus stop &#8220;Laikraksts Diena&#8221; + 10 minute walk to venue. See the schedule and map <a href=\"http:\/\/saraksti.rigassatiksme.lv\/index.html#bus\/10\/a-b\/7749b\/en\">here<br \/>\n<\/a>Bus nr. 26., bus stop &#8220;Laikraksts Diena&#8221; + 10 minute walk to venue. See the schedule and map <a href=\"http:\/\/saraksti.rigassatiksme.lv\/index.html#bus\/26\/a-b\/7749b\/en\">here<\/a><br \/>\nTrolleybus nr. 27, stop &#8220;K\u012bleveina gr\u0101vis&#8221;. See the schedule and map <a href=\"http:\/\/saraksti.rigassatiksme.lv\/index.html#trol\/27\/a-b\/1260\/en\">here<\/a><\/p>\n<p style=\"text-align: center\">Afterparty place is going to be announced very soon \ud83d\ude09<\/p>\n","protected":false},"excerpt":{"rendered":"<p>Place of the event: How to get there? Bus nr. 23, bus stop &#8211; LU Akad\u0113miskais centrs. See the schedule and map here\u00a0 Bus nr. 10., bus stop &#8220;Laikraksts Diena&#8221; + 10 minute walk to venue. See the schedule and &hellip; <a href=\"https:\/\/riga.wordcamp.org\/2016\/location\/\">Continue reading <span class=\"assistive-text\">Location<\/span>  <span class=\"meta-nav\">&rarr;<\/span><\/a><\/p>\n","protected":false},"author":8800898,"featured_media":0,"parent":0,"menu_order":0,"comment_status":"closed","ping_status":"closed","template":"","meta":{"_crdt_document":"","jetpack_post_was_ever_published":false,"footnotes":""},"class_list":["post-11","page","type-page","status-publish","hentry"],"jetpack_sharing_enabled":true,"jetpack_shortlink":"https:\/\/wp.me\/P78XXL-b","_links":{"self":[{"href":"https:\/\/riga.wordcamp.org\/2016\/wp-json\/wp\/v2\/pages\/11","targetHints":{"allow":["GET"]}}],"collection":[{"href":"https:\/\/riga.wordcamp.org\/2016\/wp-json\/wp\/v2\/pages"}],"about":[{"href":"https:\/\/riga.wordcamp.org\/2016\/wp-json\/wp\/v2\/types\/page"}],"author":[{"embeddable":true,"href":"https:\/\/riga.wordcamp.org\/2016\/wp-json\/wp\/v2\/users\/8800898"}],"replies":[{"embeddable":true,"href":"https:\/\/riga.wordcamp.org\/2016\/wp-json\/wp\/v2\/comments?post=11"}],"version-history":[{"count":4,"href":"https:\/\/riga.wordcamp.org\/2016\/wp-json\/wp\/v2\/pages\/11\/revisions"}],"predecessor-version":[{"id":264,"href":"https:\/\/riga.wordcamp.org\/2016\/wp-json\/wp\/v2\/pages\/11\/revisions\/264"}],"wp:attachment":[{"href":"https:\/\/riga.wordcamp.org\/2016\/wp-json\/wp\/v2\/media?parent=11"}],"curies":[{"name":"wp","href":"https:\/\/api.w.org\/{rel}","templated":true}]}}